{"id":1386,"date":"2025-03-03T18:15:14","date_gmt":"2025-03-03T18:15:14","guid":{"rendered":"https:\/\/elsecretodelosdruidas.com\/tiendaonline\/?post_type=product&#038;p=1386"},"modified":"2025-12-05T09:27:36","modified_gmt":"2025-12-05T09:27:36","slug":"pendientes-de-trisquel-con-ojo-de-tigre","status":"publish","type":"product","link":"https:\/\/elsecretodelosdruidas.com\/tiendaonline\/?product=pendientes-de-trisquel-con-ojo-de-tigre","title":{"rendered":"Pendientes de trisquel con ojo de tigre"},"content":{"rendered":"","protected":false},"excerpt":{"rendered":"<p>El trisquel celta es un s\u00edmbolo geom\u00e9trico formado por tres brazos de la misma longitud y en espiral con giros dobles que convergen en un punto central, creando una h\u00e9lice. El n\u00famero de elementos que lo conforman es de nueve (dos veces tres espirales y tres c\u00edrculos interiores) m\u00e1s el c\u00edrculo exterior, es decir, de diez elementos .<\/p>\n<p>En la cultura celta, el tres es el n\u00famero m\u00e1s sagrado y representa la perfecci\u00f3n, la divinidad y el equilibrio entre las fuerzas del universo. El c\u00edrculo exterior posee la doble cualidad de representar la unidad y la naturaleza c\u00edclica de las cosas, la idea de lo infinito donde todo vuelve a comenzar permanentemente.<\/p>\n","protected":false},"featured_media":1383,"comment_status":"open","ping_status":"closed","template":"","meta":{"_eb_attr":"","_monsterinsights_skip_tracking":false,"_monsterinsights_sitenote_active":false,"_monsterinsights_sitenote_note":"","_monsterinsights_sitenote_category":0,"_joinchat":[]},"product_cat":[20],"product_tag":[],"class_list":{"0":"post-1386","1":"product","2":"type-product","3":"status-publish","4":"has-post-thumbnail","6":"product_cat-artesania-celta","8":"first","9":"outofstock","10":"taxable","11":"shipping-taxable","12":"purchasable","13":"product-type-simple"},"_links":{"self":[{"href":"https:\/\/elsecretodelosdruidas.com\/tiendaonline\/index.php?rest_route=\/wp\/v2\/product\/1386"}],"collection":[{"href":"https:\/\/elsecretodelosdruidas.com\/tiendaonline\/index.php?rest_route=\/wp\/v2\/product"}],"about":[{"href":"https:\/\/elsecretodelosdruidas.com\/tiendaonline\/index.php?rest_route=\/wp\/v2\/types\/product"}],"replies":[{"embeddable":true,"href":"https:\/\/elsecretodelosdruidas.com\/tiendaonline\/index.php?rest_route=%2Fwp%2Fv2%2Fcomments&post=1386"}],"wp:featuredmedia":[{"embeddable":true,"href":"https:\/\/elsecretodelosdruidas.com\/tiendaonline\/index.php?rest_route=\/wp\/v2\/media\/1383"}],"wp:attachment":[{"href":"https:\/\/elsecretodelosdruidas.com\/tiendaonline\/index.php?rest_route=%2Fwp%2Fv2%2Fmedia&parent=1386"}],"wp:term":[{"taxonomy":"product_cat","embeddable":true,"href":"https:\/\/elsecretodelosdruidas.com\/tiendaonline\/index.php?rest_route=%2Fwp%2Fv2%2Fproduct_cat&post=1386"},{"taxonomy":"product_tag","embeddable":true,"href":"https:\/\/elsecretodelosdruidas.com\/tiendaonline\/index.php?rest_route=%2Fwp%2Fv2%2Fproduct_tag&post=1386"}],"curies":[{"name":"wp","href":"https:\/\/api.w.org\/{rel}","templated":true}]}}