{"id":1853,"date":"2025-09-24T19:34:28","date_gmt":"2025-09-24T19:34:28","guid":{"rendered":"https:\/\/elsecretodelosdruidas.com\/tiendaonline\/?post_type=product&#038;p=1853"},"modified":"2025-09-24T19:34:29","modified_gmt":"2025-09-24T19:34:29","slug":"vela-de-la-diosa-celta-brigit","status":"publish","type":"product","link":"https:\/\/elsecretodelosdruidas.com\/tiendaonline\/?product=vela-de-la-diosa-celta-brigit","title":{"rendered":"Vela de la diosa celta Brigit"},"content":{"rendered":"","protected":false},"excerpt":{"rendered":"<p>La diosa Brigit es la diosa m\u00e1s ancestral enigm\u00e1tica e interesante de toda la mitolog\u00eda c\u00e9ltica. Su relevancia y veneraci\u00f3n por el pueblo irland\u00e9s era tal que fue la \u00fanica diosa que una vez se instaur\u00f3 el cristianismo en Irlanda permaneci\u00f3 con el nombre de Santa Br\u00edgida, la cual es ahora la patrona del pa\u00eds verde, junto a San Patricio.<\/p>\n<p>La diosa celta Brigit cuyo nombre etimol\u00f3gico significa &#8220;la elevada&#8221; ten\u00eda numerosas funciones como diosa del fuego como es principalmente conocida, la diosa de la poes\u00eda y la forja, de los partos y la abundancia de las casas. Pero quiz\u00e1s por lo que m\u00e1s se le conoce es por su estrecha relaci\u00f3n con la festividad de Imbolc. Esta festividad tiene lugar el uno de febrero.<\/p>\n<p>La diosa Brigit es conocida como la &#8220;Llama de Irlanda&#8221; ya que seg\u00fan la tradici\u00f3n popular irlandesa cu\u00e1ndo naci\u00f3 una gran columna de fuego comunic\u00f3 su hogar con el cielo.<\/p>\n","protected":false},"featured_media":1850,"comment_status":"open","ping_status":"closed","template":"","meta":{"_eb_attr":"","_monsterinsights_skip_tracking":false,"_monsterinsights_sitenote_active":false,"_monsterinsights_sitenote_note":"","_monsterinsights_sitenote_category":0,"_joinchat":[]},"product_cat":[20],"product_tag":[],"class_list":{"0":"post-1853","1":"product","2":"type-product","3":"status-publish","4":"has-post-thumbnail","6":"product_cat-artesania-celta","8":"first","9":"onbackorder","10":"taxable","11":"shipping-taxable","12":"purchasable","13":"product-type-simple"},"_links":{"self":[{"href":"https:\/\/elsecretodelosdruidas.com\/tiendaonline\/index.php?rest_route=\/wp\/v2\/product\/1853"}],"collection":[{"href":"https:\/\/elsecretodelosdruidas.com\/tiendaonline\/index.php?rest_route=\/wp\/v2\/product"}],"about":[{"href":"https:\/\/elsecretodelosdruidas.com\/tiendaonline\/index.php?rest_route=\/wp\/v2\/types\/product"}],"replies":[{"embeddable":true,"href":"https:\/\/elsecretodelosdruidas.com\/tiendaonline\/index.php?rest_route=%2Fwp%2Fv2%2Fcomments&post=1853"}],"wp:featuredmedia":[{"embeddable":true,"href":"https:\/\/elsecretodelosdruidas.com\/tiendaonline\/index.php?rest_route=\/wp\/v2\/media\/1850"}],"wp:attachment":[{"href":"https:\/\/elsecretodelosdruidas.com\/tiendaonline\/index.php?rest_route=%2Fwp%2Fv2%2Fmedia&parent=1853"}],"wp:term":[{"taxonomy":"product_cat","embeddable":true,"href":"https:\/\/elsecretodelosdruidas.com\/tiendaonline\/index.php?rest_route=%2Fwp%2Fv2%2Fproduct_cat&post=1853"},{"taxonomy":"product_tag","embeddable":true,"href":"https:\/\/elsecretodelosdruidas.com\/tiendaonline\/index.php?rest_route=%2Fwp%2Fv2%2Fproduct_tag&post=1853"}],"curies":[{"name":"wp","href":"https:\/\/api.w.org\/{rel}","templated":true}]}}