{"id":2060,"date":"2026-01-03T23:33:15","date_gmt":"2026-01-03T23:33:15","guid":{"rendered":"https:\/\/elsecretodelosdruidas.com\/tiendaonline\/?post_type=product&#038;p=2060"},"modified":"2026-01-03T23:43:10","modified_gmt":"2026-01-03T23:43:10","slug":"tarjeta-regalo-curso-druidismo","status":"publish","type":"product","link":"https:\/\/elsecretodelosdruidas.com\/tiendaonline\/?product=tarjeta-regalo-curso-druidismo","title":{"rendered":"Tarjeta regalo Curso Druidismo"},"content":{"rendered":"","protected":false},"excerpt":{"rendered":"<p><strong>\u00bfQu\u00e9 es y en qu\u00e9 consiste este curso ?<\/strong><\/p>\n<p>Todos hemos hab\u00e9is o\u00eddo hablar de los druidas, esos sacerdotes, &#8220;hechiceros y magos&#8221; que habitaban la Galia y Breta\u00f1a pero poco o nada se habla sobre las druidesas o driadas.<\/p>\n<p>En este curso de forma profunda abarcaremos el papel desempe\u00f1ado por los druidas y druidesas en la cultura celta as\u00ed como el druidismo consigui\u00f3 sobrevivir hasta la actualidad.<\/p>\n<p>&nbsp;<\/p>\n<p><strong>Temario<\/strong><\/p>\n<p>1- Introducci\u00f3n<\/p>\n<p>2- Origen de los Druidas<\/p>\n<p>3- Cronolog\u00eda del druidismo<\/p>\n<p>4- Pante\u00f3n c\u00e9ltico<\/p>\n<p>5- Principales escuelas druidas<\/p>\n<p>6- Organizaci\u00f3n druida<\/p>\n<p>7- Ceremonias y festividades<\/p>\n<p>8- Sacrificios y rituales<\/p>\n<p>9- Principales utensilios<\/p>\n<p>10- Druidesas<\/p>\n<p>11- Las catedrales druidas : el culto al \u00e1rbol<\/p>\n<p>12- El ogham ,el antiguo alfabeto dru\u00eddico<\/p>\n<p>13- Los druidas en la edad Moderna y Contempor\u00e1nea<\/p>\n<p>&nbsp;<\/p>\n<p><strong>Calendario<\/strong><\/p>\n<p>La formaci\u00f3n se impartir\u00e1 en formato online en directo, con clases en marzo\u00a0 en horario de 19:00 a 21:00 (hora de Madrid, Espa\u00f1a).<\/p>\n<p>Consta de 9 clases de unas dos horas de duraci\u00f3n aproximada cada una, unas 18 horas lectivas en castellano.<\/p>\n<p>Las clases se realizar\u00e1n mediante la plataforma Zoom , Meet o Skpe (todav\u00eda por determinar) en directo de 19 a 21 hora peninsular espa\u00f1ola aunque te puedes inscribir desde cualquier parte del mundo.<\/p>\n<p>Si no puedes asistir no te preocupes , ya que tendr\u00e1s acceso a las clases durante 3 meses.<\/p>\n<p>&nbsp;<\/p>\n<p><strong>\u00bfC\u00f3mo funciona la inscripci\u00f3n?<\/strong><\/p>\n<p>Una vez realices la compra recibir\u00e1s en el correo electr\u00f3nico con el que has realizado la compra en un plazo de 72h como m\u00e1ximo un correo de bienvenida.<\/p>\n<p>El alumnado contar\u00e1 con un correo electr\u00f3nico para ponerse en contacto con el profesor as\u00ed como la invitaci\u00f3n a un grupo privado de Telegram \/WhatsApp para compartir las dudas.<\/p>\n<p>\ud83d\udd34Para acceder al curso con esta tarjeta regalo deber\u00e1s poseer el n\u00famero de pedido para as\u00ed verificar la compra y una vez nos lo facilites tendr\u00e1s ya acceso. La tarjeta regalo te llegar\u00e1 al email que nos facilites a la hora de realizar la compra.<\/p>\n<p>&nbsp;<\/p>\n<ol>\n<li><strong>Profesora<\/strong>:<\/li>\n<\/ol>\n<p>Africa Casta\u00f1eda es Perito Judicial en Arqueolog\u00eda especializada en cultura celta y pueblos paganos de la Edad del Hierro europea. Desde el a\u00f1o 2010 tiene su propia proyecto &#8220;El Secreto de los Druidas&#8221; donde divulga historia y arqueolog\u00eda de la cultura celta y pueblos paganos de la Edad del Hierro europea. Ha trabajado y colaborado con numerosos medios tanto nacionales como internacionales como museos , revistas ,radios, podcast, ponencias en congresos y universidades &#8230;.dando a conocer la cultura celta en todas sus vertientes desde un punto de vista arqueol\u00f3gico y ameno apto para todos los p\u00fablicos.<\/p>\n","protected":false},"featured_media":2056,"comment_status":"open","ping_status":"closed","template":"","meta":{"_eb_attr":"","_monsterinsights_skip_tracking":false,"_monsterinsights_sitenote_active":false,"_monsterinsights_sitenote_note":"","_monsterinsights_sitenote_category":0,"_joinchat":[]},"product_cat":[288],"product_tag":[],"class_list":{"0":"post-2060","1":"product","2":"type-product","3":"status-publish","4":"has-post-thumbnail","6":"product_cat-formacion","8":"first","9":"instock","10":"virtual","11":"taxable","12":"purchasable","13":"product-type-simple"},"_links":{"self":[{"href":"https:\/\/elsecretodelosdruidas.com\/tiendaonline\/index.php?rest_route=\/wp\/v2\/product\/2060"}],"collection":[{"href":"https:\/\/elsecretodelosdruidas.com\/tiendaonline\/index.php?rest_route=\/wp\/v2\/product"}],"about":[{"href":"https:\/\/elsecretodelosdruidas.com\/tiendaonline\/index.php?rest_route=\/wp\/v2\/types\/product"}],"replies":[{"embeddable":true,"href":"https:\/\/elsecretodelosdruidas.com\/tiendaonline\/index.php?rest_route=%2Fwp%2Fv2%2Fcomments&post=2060"}],"wp:featuredmedia":[{"embeddable":true,"href":"https:\/\/elsecretodelosdruidas.com\/tiendaonline\/index.php?rest_route=\/wp\/v2\/media\/2056"}],"wp:attachment":[{"href":"https:\/\/elsecretodelosdruidas.com\/tiendaonline\/index.php?rest_route=%2Fwp%2Fv2%2Fmedia&parent=2060"}],"wp:term":[{"taxonomy":"product_cat","embeddable":true,"href":"https:\/\/elsecretodelosdruidas.com\/tiendaonline\/index.php?rest_route=%2Fwp%2Fv2%2Fproduct_cat&post=2060"},{"taxonomy":"product_tag","embeddable":true,"href":"https:\/\/elsecretodelosdruidas.com\/tiendaonline\/index.php?rest_route=%2Fwp%2Fv2%2Fproduct_tag&post=2060"}],"curies":[{"name":"wp","href":"https:\/\/api.w.org\/{rel}","templated":true}]}}