{"id":71,"date":"2023-03-13T16:30:04","date_gmt":"2023-03-13T16:30:04","guid":{"rendered":"https:\/\/elsecretodelosdruidas.com\/tiendaonline\/?post_type=product&#038;p=71"},"modified":"2026-01-06T15:16:55","modified_gmt":"2026-01-06T15:16:55","slug":"pendientes-del-hombre-verde-acero-inoxidable","status":"publish","type":"product","link":"https:\/\/elsecretodelosdruidas.com\/tiendaonline\/?product=pendientes-del-hombre-verde-acero-inoxidable","title":{"rendered":"Pendientes del Hombre Verde: acero inoxidable"},"content":{"rendered":"","protected":false},"excerpt":{"rendered":"<p>El Hombre Verde aparece en Inglaterra como un poderoso esp\u00edritu de la naturaleza y gracias al cual se mantiene todo en equilibrio. Casi siempre es visto en las esquinas de las iglesias, en lugares escondidos de la vista general de los feligreses, aparece representado como la M\u00e1scara de Follaje (un rostro hecho de hojas).<\/p>\n<p>Esta figura fue utilizada a modo de talism\u00e1n para el crecimiento y fertilidad de los feligreses y de la iglesia. Una de las teor\u00edas sobre su presencia dice que los masones que lo fabricaron hab\u00edan escondido parecidos con la antigua adoraci\u00f3n a la naturaleza.<\/p>\n<p>Respecto a los celtas vendr\u00eda a identificarse como el dios de la naturaleza Cernunnos.<\/p>\n<p>Esta realizado en acero inoxidable y lleva su cajita de regalo para que puedas guardarlo.<\/p>\n","protected":false},"featured_media":101,"comment_status":"open","ping_status":"closed","template":"","meta":{"_eb_attr":"","_monsterinsights_skip_tracking":false,"_monsterinsights_sitenote_active":false,"_monsterinsights_sitenote_note":"","_monsterinsights_sitenote_category":0,"_joinchat":[]},"product_cat":[20],"product_tag":[],"class_list":{"0":"post-71","1":"product","2":"type-product","3":"status-publish","4":"has-post-thumbnail","6":"product_cat-artesania-celta","8":"first","9":"outofstock","10":"taxable","11":"shipping-taxable","12":"purchasable","13":"product-type-simple"},"_links":{"self":[{"href":"https:\/\/elsecretodelosdruidas.com\/tiendaonline\/index.php?rest_route=\/wp\/v2\/product\/71"}],"collection":[{"href":"https:\/\/elsecretodelosdruidas.com\/tiendaonline\/index.php?rest_route=\/wp\/v2\/product"}],"about":[{"href":"https:\/\/elsecretodelosdruidas.com\/tiendaonline\/index.php?rest_route=\/wp\/v2\/types\/product"}],"replies":[{"embeddable":true,"href":"https:\/\/elsecretodelosdruidas.com\/tiendaonline\/index.php?rest_route=%2Fwp%2Fv2%2Fcomments&post=71"}],"wp:featuredmedia":[{"embeddable":true,"href":"https:\/\/elsecretodelosdruidas.com\/tiendaonline\/index.php?rest_route=\/wp\/v2\/media\/101"}],"wp:attachment":[{"href":"https:\/\/elsecretodelosdruidas.com\/tiendaonline\/index.php?rest_route=%2Fwp%2Fv2%2Fmedia&parent=71"}],"wp:term":[{"taxonomy":"product_cat","embeddable":true,"href":"https:\/\/elsecretodelosdruidas.com\/tiendaonline\/index.php?rest_route=%2Fwp%2Fv2%2Fproduct_cat&post=71"},{"taxonomy":"product_tag","embeddable":true,"href":"https:\/\/elsecretodelosdruidas.com\/tiendaonline\/index.php?rest_route=%2Fwp%2Fv2%2Fproduct_tag&post=71"}],"curies":[{"name":"wp","href":"https:\/\/api.w.org\/{rel}","templated":true}]}}