{"id":80,"date":"2023-03-13T16:30:09","date_gmt":"2023-03-13T16:30:09","guid":{"rendered":"https:\/\/elsecretodelosdruidas.com\/tiendaonline\/?post_type=product&#038;p=80"},"modified":"2025-09-24T16:28:12","modified_gmt":"2025-09-24T16:28:12","slug":"conjunto-arbol-de-la-vida-celta-simple","status":"publish","type":"product","link":"https:\/\/elsecretodelosdruidas.com\/tiendaonline\/?product=conjunto-arbol-de-la-vida-celta-simple","title":{"rendered":"Conjunto \u00e1rbol de la vida celta simple"},"content":{"rendered":"<p><span style=\"vertical-align: inherit;\"><span style=\"vertical-align: inherit;\">El \u00e1rbol de la vida es un s\u00edmbolo que representa para muchos, la conexi\u00f3n con el mundo y todo lo que en \u00e9l habita. S\u00edmbolo de fuerza, sabidur\u00eda, conocimiento y sobre todo de la naturaleza.<\/span><\/span><\/p>\n<p><span style=\"vertical-align: inherit;\"><span style=\"vertical-align: inherit;\">Ha sido venerado durante siglos y se han encontrado registros de su existencia desde tiempos inmemoriales. Para los celtas no es diferente, ellos ve\u00edan a los \u00e1rboles como sagrados, incluso dioses.<\/span><\/span><\/p>\n<p><span style=\"vertical-align: inherit;\"><span style=\"vertical-align: inherit;\">El \u00e1rbol de la vida celta es un s\u00edmbolo venerado por esta cultura tanto por lo que les ofrec\u00eda para la supervivencia y sustento de su vida diaria en aquellas \u00e9pocas, como por el significado sagrado que ellos le dieron, tal vez una cosa tuvo que ver mucho. con la otra.<\/span><\/span><\/p>\n<p><span style=\"vertical-align: inherit;\"><span style=\"vertical-align: inherit;\">En este caso est\u00e1 realizado en acero inoxidable y lleva su cajita de regalo.<\/span><\/span><\/p>\n","protected":false},"excerpt":{"rendered":"<p>El \u00e1rbol de la vida es un s\u00edmbolo que representa para muchos, la conexi\u00f3n con el mundo y todo lo que en \u00e9l habita. S\u00edmbolo de fuerza, sabidur\u00eda, conocimiento y sobre todo de la naturaleza. Ha sido venerado durante siglos y se han encontrado registros de su existencia desde tiempos inmemoriales. Para los celtas no [&hellip;]<\/p>\n","protected":false},"featured_media":109,"comment_status":"open","ping_status":"closed","template":"","meta":{"_eb_attr":"","_monsterinsights_skip_tracking":false,"_monsterinsights_sitenote_active":false,"_monsterinsights_sitenote_note":"","_monsterinsights_sitenote_category":0,"_joinchat":[]},"product_cat":[20],"product_tag":[],"class_list":{"0":"post-80","1":"product","2":"type-product","3":"status-publish","4":"has-post-thumbnail","6":"product_cat-artesania-celta","8":"first","9":"instock","10":"taxable","11":"shipping-taxable","12":"purchasable","13":"product-type-simple"},"_links":{"self":[{"href":"https:\/\/elsecretodelosdruidas.com\/tiendaonline\/index.php?rest_route=\/wp\/v2\/product\/80"}],"collection":[{"href":"https:\/\/elsecretodelosdruidas.com\/tiendaonline\/index.php?rest_route=\/wp\/v2\/product"}],"about":[{"href":"https:\/\/elsecretodelosdruidas.com\/tiendaonline\/index.php?rest_route=\/wp\/v2\/types\/product"}],"replies":[{"embeddable":true,"href":"https:\/\/elsecretodelosdruidas.com\/tiendaonline\/index.php?rest_route=%2Fwp%2Fv2%2Fcomments&post=80"}],"wp:featuredmedia":[{"embeddable":true,"href":"https:\/\/elsecretodelosdruidas.com\/tiendaonline\/index.php?rest_route=\/wp\/v2\/media\/109"}],"wp:attachment":[{"href":"https:\/\/elsecretodelosdruidas.com\/tiendaonline\/index.php?rest_route=%2Fwp%2Fv2%2Fmedia&parent=80"}],"wp:term":[{"taxonomy":"product_cat","embeddable":true,"href":"https:\/\/elsecretodelosdruidas.com\/tiendaonline\/index.php?rest_route=%2Fwp%2Fv2%2Fproduct_cat&post=80"},{"taxonomy":"product_tag","embeddable":true,"href":"https:\/\/elsecretodelosdruidas.com\/tiendaonline\/index.php?rest_route=%2Fwp%2Fv2%2Fproduct_tag&post=80"}],"curies":[{"name":"wp","href":"https:\/\/api.w.org\/{rel}","templated":true}]}}