{"id":93,"date":"2023-03-13T16:30:11","date_gmt":"2023-03-13T16:30:11","guid":{"rendered":"https:\/\/elsecretodelosdruidas.com\/tiendaonline\/?post_type=product&#038;p=93"},"modified":"2025-08-13T17:55:03","modified_gmt":"2025-08-13T17:55:03","slug":"calabazas-de-crochet","status":"publish","type":"product","link":"https:\/\/elsecretodelosdruidas.com\/tiendaonline\/?product=calabazas-de-crochet","title":{"rendered":"Calabazas de crochet grande"},"content":{"rendered":"<blockquote><p>Esta es la festividad celta m\u00e1s importante del per\u00edodo pagano en Europa hasta su conversi\u00f3n al cristianismo ,en la que la noche del 31 de octubre al 1 de noviembre serv\u00eda como celebraci\u00f3n del final de la temporada de cosechas en la cultura celta .<\/p>\n<p>En Irlanda\u00a0se vaciaban nabos y se le colocaba carb\u00f3n dentro para alumbrar el regreso de los difuntos al mundo de los vivos. Con el tiempo los nabos fueron sustituidos por\u00a0calabazas esculpidas con formas de\u00a0calaveras\u00a0iluminadas con velas en su interior.<\/p>\n<p>\ud83c\udf41Estas calabazas ya las ten\u00e9is disponibles en estos dos tama\u00f1os y en distintos colores\ud83c\udf41<\/p><\/blockquote>\n<p>Precio grande : 10 \u20ac<\/p>\n<p>Precio peque\u00f1a : 6 \u20ac<\/p>\n","protected":false},"excerpt":{"rendered":"<p>Esta es la festividad celta m\u00e1s importante del per\u00edodo pagano en Europa hasta su conversi\u00f3n al cristianismo ,en la que la noche del 31 de octubre al 1 de noviembre serv\u00eda como celebraci\u00f3n del final de la temporada de cosechas en la cultura celta . En Irlanda\u00a0se vaciaban nabos y se le colocaba carb\u00f3n dentro [&hellip;]<\/p>\n","protected":false},"featured_media":1768,"comment_status":"open","ping_status":"closed","template":"","meta":{"_eb_attr":"","_monsterinsights_skip_tracking":false,"_monsterinsights_sitenote_active":false,"_monsterinsights_sitenote_note":"","_monsterinsights_sitenote_category":0,"_joinchat":[]},"product_cat":[16],"product_tag":[],"class_list":{"0":"post-93","1":"product","2":"type-product","3":"status-publish","4":"has-post-thumbnail","6":"product_cat-samhain","8":"first","9":"instock","10":"taxable","11":"shipping-taxable","12":"purchasable","13":"product-type-simple"},"_links":{"self":[{"href":"https:\/\/elsecretodelosdruidas.com\/tiendaonline\/index.php?rest_route=\/wp\/v2\/product\/93"}],"collection":[{"href":"https:\/\/elsecretodelosdruidas.com\/tiendaonline\/index.php?rest_route=\/wp\/v2\/product"}],"about":[{"href":"https:\/\/elsecretodelosdruidas.com\/tiendaonline\/index.php?rest_route=\/wp\/v2\/types\/product"}],"replies":[{"embeddable":true,"href":"https:\/\/elsecretodelosdruidas.com\/tiendaonline\/index.php?rest_route=%2Fwp%2Fv2%2Fcomments&post=93"}],"wp:featuredmedia":[{"embeddable":true,"href":"https:\/\/elsecretodelosdruidas.com\/tiendaonline\/index.php?rest_route=\/wp\/v2\/media\/1768"}],"wp:attachment":[{"href":"https:\/\/elsecretodelosdruidas.com\/tiendaonline\/index.php?rest_route=%2Fwp%2Fv2%2Fmedia&parent=93"}],"wp:term":[{"taxonomy":"product_cat","embeddable":true,"href":"https:\/\/elsecretodelosdruidas.com\/tiendaonline\/index.php?rest_route=%2Fwp%2Fv2%2Fproduct_cat&post=93"},{"taxonomy":"product_tag","embeddable":true,"href":"https:\/\/elsecretodelosdruidas.com\/tiendaonline\/index.php?rest_route=%2Fwp%2Fv2%2Fproduct_tag&post=93"}],"curies":[{"name":"wp","href":"https:\/\/api.w.org\/{rel}","templated":true}]}}